{"id":244,"date":"2021-11-22T23:51:41","date_gmt":"2021-11-22T22:51:41","guid":{"rendered":"http:\/\/periaorl.fr\/?page_id=244"},"modified":"2021-11-30T00:05:58","modified_gmt":"2021-11-29T23:05:58","slug":"avis","status":"publish","type":"page","link":"https:\/\/periaorl.fr\/?page_id=244","title":{"rendered":"VOS AVIS"},"content":{"rendered":"<div class=\"glsr glsr-default\" id=\"glsr_e65ff1c3\" data-block='' data-id='glsr_e65ff1c3'><div class=\"glsr-form-wrap\">\n    <form class=\"glsr-review-form glsr-form\" method=\"post\" enctype=\"multipart\/form-data\">\n        <input name=\"site-reviews[_action]\" type=\"hidden\" value=\"submit-review\"><input name=\"site-reviews[_counter]\" type=\"hidden\" value=\"\"><input name=\"site-reviews[_nonce]\" type=\"hidden\" value=\"52427573a9\"><input name=\"site-reviews[_post_id]\" type=\"hidden\" value=\"244\"><input name=\"site-reviews[_referer]\" type=\"hidden\" value=\"\/index.php?rest_route=%2Fwp%2Fv2%2Fpages%2F244\"><input name=\"site-reviews[assigned_posts]\" type=\"hidden\" value=\"\"><input name=\"site-reviews[assigned_terms]\" type=\"hidden\" value=\"\"><input name=\"site-reviews[assigned_users]\" type=\"hidden\" value=\"\"><input name=\"site-reviews[excluded]\" type=\"hidden\" value=\"\"><input name=\"site-reviews[form_id]\" type=\"hidden\" value=\"glsr_e65ff1c3\"><input name=\"site-reviews[terms_exist]\" type=\"hidden\" value=\"1\"><div class=\"glsr-field\" style=\"display:none;\"><label class=\"glsr-label glsr-label-text\" for=\"site-reviews-1674c9b2-glsr_e65ff1c3\"><span>Votre avis<\/span><\/label><input class=\"glsr-input glsr-input-text\" id=\"site-reviews-1674c9b2-glsr_e65ff1c3\" name=\"site-reviews[1674c9b2]\" type=\"text\" value=\"\"><\/div><div class=\"glsr-field glsr-field-rating glsr-required\" data-field=\"rating\">\n    <label class=\"glsr-label glsr-label-rating\" for=\"site-reviews-rating-glsr_e65ff1c3\"><span>Votre note globale<\/span><\/label>\n    <select class=\"glsr-select glsr-star-rating\" id=\"site-reviews-rating-glsr_e65ff1c3\" name=\"site-reviews[rating]\" required><option selected value=\"\">S\u00e9lectionnez une note<\/option><option value=\"5\">5 \u00e9toiles<\/option><option value=\"4\">4 \u00e9toiles<\/option><option value=\"3\">3 \u00e9toiles<\/option><option value=\"2\">2 \u00e9toiles<\/option><option value=\"1\">1 \u00e9toile<\/option><\/select>\n    <div class=\"glsr-field-error\"><\/div>\n<\/div><div class=\"glsr-field glsr-field-text glsr-required\" data-field=\"title\">\n    <label class=\"glsr-label glsr-label-text\" for=\"site-reviews-title-glsr_e65ff1c3\"><span>Titre de votre avis<\/span><\/label>\n    <input class=\"glsr-input glsr-input-text\" id=\"site-reviews-title-glsr_e65ff1c3\" name=\"site-reviews[title]\" type=\"text\" placeholder=\"R\u00e9sumez votre avis ou mettez en \u00e9vidence un d\u00e9tail int\u00e9ressant\" required value=\"\">\n    <div class=\"glsr-field-error\"><\/div>\n<\/div><div class=\"glsr-field glsr-field-textarea glsr-required\" data-field=\"content\">\n    <label class=\"glsr-label glsr-label-textarea\" for=\"site-reviews-content-glsr_e65ff1c3\"><span>Votre avis<\/span><\/label>\n    <textarea class=\"glsr-textarea\" id=\"site-reviews-content-glsr_e65ff1c3\" name=\"site-reviews[content]\" placeholder=\"Donnez votre avis\" rows=\"5\" required><\/textarea>\n    <div class=\"glsr-field-error\"><\/div>\n<\/div><div class=\"glsr-field glsr-field-text glsr-required\" data-field=\"name\">\n    <label class=\"glsr-label glsr-label-text\" for=\"site-reviews-name-glsr_e65ff1c3\"><span>Votre nom<\/span><\/label>\n    <input class=\"glsr-input glsr-input-text\" id=\"site-reviews-name-glsr_e65ff1c3\" name=\"site-reviews[name]\" type=\"text\" placeholder=\"Donnez votre nom\" required value=\"\">\n    <div class=\"glsr-field-error\"><\/div>\n<\/div><div class=\"glsr-field glsr-field-email glsr-required\" data-field=\"email\">\n    <label class=\"glsr-label glsr-label-email\" for=\"site-reviews-email-glsr_e65ff1c3\"><span>Votre e-mail<\/span><\/label>\n    <input class=\"glsr-input glsr-input-email\" id=\"site-reviews-email-glsr_e65ff1c3\" name=\"site-reviews[email]\" type=\"email\" placeholder=\"Donnez votre e-mail\" required value=\"\">\n    <div class=\"glsr-field-error\"><\/div>\n<\/div><div class=\"glsr-field glsr-field-choice glsr-required\" data-field=\"terms\">\n    \n    <span class=\"glsr-field-toggle\">\n    <span class=\"glsr-toggle\">\n        <label for=\"site-reviews-terms-glsr_e65ff1c3-1\">Cette note est fond\u00e9e sur ma propre exp\u00e9rience et mon v\u00e9ritable avis.<\/label>\n        <span class=\"glsr-toggle-switch\">\n            <input class=\"glsr-input-toggle\" id=\"site-reviews-terms-glsr_e65ff1c3-1\" name=\"site-reviews[terms]\" type=\"checkbox\" value=\"1\" required> &#8203; <!-- zero-space character used for alignment -->\n            <span class=\"glsr-toggle-track\"><\/span>\n        <\/span>\n    <\/span>\n<\/span>\n    <div class=\"glsr-field-error\"><\/div>\n<\/div>\n        <div class=\"glsr-form-message\">\n    \n<\/div>\n        <div data-field=\"submit-button\">\n    <button type=\"submit\" class=\"glsr-button button btn btn-primary\">\n        <span class=\"glsr-button-loading\"><\/span>\n        <span class=\"glsr-button-text\" data-text=\"Soumettre mon avis\">Soumettre mon avis<\/span>\n    <\/button>\n<\/div>\n    <\/form>\n<\/div><\/div>\n\n\n<div class=\"glsr glsr-default\" id=\"glsr_88a81edf\" data-shortcode='' data-id='glsr_88a81edf'><div class=\"glsr-summary-wrap\">\n    <div class=\"glsr-summary\">\n        <div class=\"glsr-summary-rating\"><span>2.8<\/span><\/div>\n        <div class=\"glsr-summary-stars\"><div class=\"glsr-star-rating glsr-stars\" data-rating=\"2.8\">\n    <span class=\"screen-reader-text\">Not\u00e9 <strong>2.8<\/strong> sur 5<\/span>\n    <span class=\"glsr-star glsr-star-full\" aria-hidden=\"true\"><\/span><span class=\"glsr-star glsr-star-full\" aria-hidden=\"true\"><\/span><span class=\"glsr-star glsr-star-half\" aria-hidden=\"true\"><\/span><span class=\"glsr-star glsr-star-empty\" aria-hidden=\"true\"><\/span><span class=\"glsr-star glsr-star-empty\" aria-hidden=\"true\"><\/span>\n<\/div><\/div>\n        <div class=\"glsr-summary-text\"><span>2.8 \u00e9toiles sur 5 (selon 9 avis)<\/span><\/div>\n        <div class=\"glsr-summary-percentages\"><div class=\"glsr-bar\" data-level='5'><span class=\"glsr-bar-label\">Excellent<\/span><span class=\"glsr-bar-background\"><span class=\"glsr-bar-background-percent\" style=\"width:44%\"><\/span><\/span><span class=\"glsr-bar-percent\">44%<\/span><\/div><div class=\"glsr-bar\" data-level='4'><span class=\"glsr-bar-label\">Tr\u00e8s bon<\/span><span class=\"glsr-bar-background\"><span class=\"glsr-bar-background-percent\" style=\"width:0%\"><\/span><\/span><span class=\"glsr-bar-percent\">0%<\/span><\/div><div class=\"glsr-bar\" data-level='3'><span class=\"glsr-bar-label\">Moyen<\/span><span class=\"glsr-bar-background\"><span class=\"glsr-bar-background-percent\" style=\"width:0%\"><\/span><\/span><span class=\"glsr-bar-percent\">0%<\/span><\/div><div class=\"glsr-bar\" data-level='2'><span class=\"glsr-bar-label\">Passable<\/span><span class=\"glsr-bar-background\"><span class=\"glsr-bar-background-percent\" style=\"width:0%\"><\/span><\/span><span class=\"glsr-bar-percent\">0%<\/span><\/div><div class=\"glsr-bar\" data-level='1'><span class=\"glsr-bar-label\">D\u00e9cevant<\/span><span class=\"glsr-bar-background\"><span class=\"glsr-bar-background-percent\" style=\"width:56%\"><\/span><\/span><span class=\"glsr-bar-percent\">56%<\/span><\/div><\/div>\n    <\/div>\n<\/div><\/div>\n\n\n<div class=\"glsr glsr-default\" id=\"glsr_eb0e57d8\" data-block='' data-id='glsr_eb0e57d8'><div class=\"glsr-reviews-wrap\">\n    <div class=\"glsr-reviews\">\n        <div class=\"glsr-review\" data-type=\"local\" id=\"review-316\" data-assigned='[]'>\n    <div class=\"glsr-review-title\"><h3>ORL \u00e0 l&rsquo;\u00e9coute<\/h3><\/div>\n    <div class=\"glsr-review-rating\"><div class=\"glsr-star-rating glsr-stars\" data-rating=\"5\">\n    <span class=\"screen-reader-text\">Not\u00e9 <strong>5<\/strong> sur 5<\/span>\n    <span class=\"glsr-star glsr-star-full\" aria-hidden=\"true\"><\/span><span class=\"glsr-star glsr-star-full\" aria-hidden=\"true\"><\/span><span class=\"glsr-star glsr-star-full\" aria-hidden=\"true\"><\/span><span class=\"glsr-star glsr-star-full\" aria-hidden=\"true\"><\/span><span class=\"glsr-star glsr-star-full\" aria-hidden=\"true\"><\/span>\n<\/div><\/div>\n    <div class=\"glsr-review-date\"><span>23 mars 2026<\/span><\/div>\n    \n    <div class=\"glsr-review-content\"><p>Bon m\u00e9decin. <br \/> Professionnelle qui a le sourire. <br \/> Elle s&rsquo;int\u00e9resse vraiment au patient. Elle sait ce qu&rsquo;elle fait. Je conseille ce m\u00e9decin<\/p><\/div>\n    \n    <div class=\"glsr-review-author\"><span>Olivier<\/span><\/div>\n    \n<\/div>\n<div class=\"glsr-review\" data-type=\"local\" id=\"review-315\" data-assigned='[]'>\n    <div class=\"glsr-review-title\"><h3>Ne recommande pas<\/h3><\/div>\n    <div class=\"glsr-review-rating\"><div class=\"glsr-star-rating glsr-stars\" data-rating=\"1\">\n    <span class=\"screen-reader-text\">Not\u00e9 <strong>1<\/strong> sur 5<\/span>\n    <span class=\"glsr-star glsr-star-full\" aria-hidden=\"true\"><\/span><span class=\"glsr-star glsr-star-empty\" aria-hidden=\"true\"><\/span><span class=\"glsr-star glsr-star-empty\" aria-hidden=\"true\"><\/span><span class=\"glsr-star glsr-star-empty\" aria-hidden=\"true\"><\/span><span class=\"glsr-star glsr-star-empty\" aria-hidden=\"true\"><\/span>\n<\/div><\/div>\n    <div class=\"glsr-review-date\"><span>18 f\u00e9vrier 2026<\/span><\/div>\n    \n    <div class=\"glsr-review-content\"><p>Approche particulierement desagreable.<br \/> Expeditive, meprisante et pas a l ecoute.<br \/> J ai ete tres surprise de ce rendez vous attendu depuis 6 mois et je ne conseille pas ce docteur.<\/p><\/div>\n    \n    <div class=\"glsr-review-author\"><span>Clemence<\/span><\/div>\n    \n<\/div>\n<div class=\"glsr-review\" data-type=\"local\" id=\"review-314\" data-assigned='[]'>\n    <div class=\"glsr-review-title\"><h3>Et si le patient etait \u00e9coute et osculte !<\/h3><\/div>\n    <div class=\"glsr-review-rating\"><div class=\"glsr-star-rating glsr-stars\" data-rating=\"1\">\n    <span class=\"screen-reader-text\">Not\u00e9 <strong>1<\/strong> sur 5<\/span>\n    <span class=\"glsr-star glsr-star-full\" aria-hidden=\"true\"><\/span><span class=\"glsr-star glsr-star-empty\" aria-hidden=\"true\"><\/span><span class=\"glsr-star glsr-star-empty\" aria-hidden=\"true\"><\/span><span class=\"glsr-star glsr-star-empty\" aria-hidden=\"true\"><\/span><span class=\"glsr-star glsr-star-empty\" aria-hidden=\"true\"><\/span>\n<\/div><\/div>\n    <div class=\"glsr-review-date\"><span>16 octobre 2025<\/span><\/div>\n    \n    <div class=\"glsr-review-content\"><p>J ai 67 ans et ai rencontr\u00e9 plusieurs ORL en 15 ans. <br \/> Non seulement la demande de mon g\u00e9n\u00e9raliste n a pas \u00e9t\u00e9 respect\u00e9e mais la forme est exp\u00e9ditive et autoritaire . Je n\u2019ai jamais rencontr\u00e9 un pro fessionnel de sant\u00e9 aussi peu \u00e0 l \u00e9coute de son patient, agressif stress\u00e9 et stressant. Pas surprenant que les d\u00e9lais po<span class=\"glsr-hidden glsr-hidden-text\" data-show-less='Afficher moins' data-show-more='Afficher plus' data-trigger='excerpt'>ur rdv soient plus courts qu ailleurs !<br \/> L obligation de moyen de plus et surtout n\u2019est pas respect\u00e9 ce qui peut \u00eatre tr\u00e8s pr\u00e9judiciable pour le patient et condamnable\u2026. Mais les 70\u20ac pour 12mn sont factur\u00e9s sans pb \u2026. Mais vous vous restez avec vos pb !<\/span><\/p><\/div>\n    \n    <div class=\"glsr-review-author\"><span>Darsonville<\/span><\/div>\n    \n<\/div>\n<div class=\"glsr-review\" data-type=\"local\" id=\"review-313\" data-assigned='[]'>\n    <div class=\"glsr-review-title\"><h3>Excellent<\/h3><\/div>\n    <div class=\"glsr-review-rating\"><div class=\"glsr-star-rating glsr-stars\" data-rating=\"5\">\n    <span class=\"screen-reader-text\">Not\u00e9 <strong>5<\/strong> sur 5<\/span>\n    <span class=\"glsr-star glsr-star-full\" aria-hidden=\"true\"><\/span><span class=\"glsr-star glsr-star-full\" aria-hidden=\"true\"><\/span><span class=\"glsr-star glsr-star-full\" aria-hidden=\"true\"><\/span><span class=\"glsr-star glsr-star-full\" aria-hidden=\"true\"><\/span><span class=\"glsr-star glsr-star-full\" aria-hidden=\"true\"><\/span>\n<\/div><\/div>\n    <div class=\"glsr-review-date\"><span>20 mai 2025<\/span><\/div>\n    \n    <div class=\"glsr-review-content\"><p>Praticienne nickel \u00e0 l\u2019\u00e9coute de ses patients , excellente exp\u00e9rience<\/p><\/div>\n    \n    <div class=\"glsr-review-author\"><span>Errachidi<\/span><\/div>\n    \n<\/div>\n<div class=\"glsr-review\" data-type=\"local\" id=\"review-312\" data-assigned='[]'>\n    <div class=\"glsr-review-title\"><h3>Excellent<\/h3><\/div>\n    <div class=\"glsr-review-rating\"><div class=\"glsr-star-rating glsr-stars\" data-rating=\"5\">\n    <span class=\"screen-reader-text\">Not\u00e9 <strong>5<\/strong> sur 5<\/span>\n    <span class=\"glsr-star glsr-star-full\" aria-hidden=\"true\"><\/span><span class=\"glsr-star glsr-star-full\" aria-hidden=\"true\"><\/span><span class=\"glsr-star glsr-star-full\" aria-hidden=\"true\"><\/span><span class=\"glsr-star glsr-star-full\" aria-hidden=\"true\"><\/span><span class=\"glsr-star glsr-star-full\" aria-hidden=\"true\"><\/span>\n<\/div><\/div>\n    <div class=\"glsr-review-date\"><span>14 mai 2025<\/span><\/div>\n    \n    <div class=\"glsr-review-content\"><p>Excellente praticienne, <br \/> \u00c0 l\u2019\u00e9coute , tr\u00e8s agr\u00e9able.<\/p><\/div>\n    \n    <div class=\"glsr-review-author\"><span>Errachidi<\/span><\/div>\n    \n<\/div>\n    <\/div>\n    \n<\/div><\/div>","protected":false},"excerpt":{"rendered":"","protected":false},"author":1,"featured_media":0,"parent":0,"menu_order":0,"comment_status":"closed","ping_status":"closed","template":"","meta":{"_monsterinsights_skip_tracking":false,"_monsterinsights_sitenote_active":false,"_monsterinsights_sitenote_note":"","_monsterinsights_sitenote_category":0},"_links":{"self":[{"href":"https:\/\/periaorl.fr\/index.php?rest_route=\/wp\/v2\/pages\/244"}],"collection":[{"href":"https:\/\/periaorl.fr\/index.php?rest_route=\/wp\/v2\/pages"}],"about":[{"href":"https:\/\/periaorl.fr\/index.php?rest_route=\/wp\/v2\/types\/page"}],"author":[{"embeddable":true,"href":"https:\/\/periaorl.fr\/index.php?rest_route=\/wp\/v2\/users\/1"}],"replies":[{"embeddable":true,"href":"https:\/\/periaorl.fr\/index.php?rest_route=%2Fwp%2Fv2%2Fcomments&post=244"}],"version-history":[{"count":7,"href":"https:\/\/periaorl.fr\/index.php?rest_route=\/wp\/v2\/pages\/244\/revisions"}],"predecessor-version":[{"id":255,"href":"https:\/\/periaorl.fr\/index.php?rest_route=\/wp\/v2\/pages\/244\/revisions\/255"}],"wp:attachment":[{"href":"https:\/\/periaorl.fr\/index.php?rest_route=%2Fwp%2Fv2%2Fmedia&parent=244"}],"curies":[{"name":"wp","href":"https:\/\/api.w.org\/{rel}","templated":true}]}}